is divided by 1444?
920
What is the remainder when 21915 is divided by 21884?
31
What is the remainder when 1758115637 is divided by 20?
17
Calculate the remainder when 556844317 is divided by 4192.
4189
What is the remainder when 404524 is divided by 17583?
115
What is the remainder when 9929554 is divided by 39?
37
Calculate the remainder when 494244 is divided by 247025.
194
What is the remainder when 190816 is divided by 335?
201
What is the remainder when 7699 is divided by 7689?
10
Calculate the remainder when 11884114 is divided by 1049.
1042
Calculate the remainder when 701269 is divided by 16.
5
What is the remainder when 17743645 is divided by 172268?
41
Calculate the remainder when 2462810 is divided by 492554.
40
What is the remainder when 210828 is divided by 234?
228
What is the remainder when 896312 is divided by 38967?
71
Calculate the remainder when 46319083 is divided by 15439685.
28
What is the remainder when 21127778 is divided by 204?
110
What is the remainder when 4149427 is divided by 115?
112
What is the remainder when 11382765 is divided by 18?
15
What is the remainder when 442302 is divided by 220986?
330
Calculate the remainder when 404689 is divided by 1587.
4
What is the remainder when 1159303 is divided by 713?
678
What is the remainder when 20746371 is divided by 6915453?
12
What is the remainder when 9109466 is divided by 71728?
10
What is the remainder when 186580751 is divided by 482?
479
What is the remainder when 764623 is divided by 886?
5
What is the remainder when 3643 is divided by 1445?
753
What is the remainder when 767362 is divided by 4?
2
What is the remainder when 26192 is divided by 27?
2
Calculate the remainder when 3150184 is divided by 1050057.
13
Calculate the remainder when 218896 is divided by 131.
126
What is the remainder when 2319739 is divided by 2319722?
17
Calculate the remainder when 23059737 is divided by 817.
729
Calculate the remainder when 223686 is divided by 17206.
8
Calculate the remainder when 100758 is divided by 4662.
2856
What is the remainder when 54746041 is divided by 19?
11
Calculate the remainder when 16285647 is divided by 1090.
1047
Calculate the remainder when 424688 is divided by 5897.
104
Calculate the remainder when 13978522 is divided by 4621.
4618
Calculate the remainder when 236357 is divided by 163.
7
What is the remainder when 130887613 is divided by 754?
753
What is the remainder when 16421161 is divided by 123467?
50
What is the remainder when 25802558 is divided by 35?
33
Calculate the remainder when 54806497 is divided by 542.
541
What is the remainder when 37414438 is divided by 188?
182
Calculate the remainder when 6180886 is divided by 19.
15
What is the remainder when 92441699 is divided by 30?
29
What is the remainder when 11870653 is divided by 11870592?
61
Calculate the remainder when 52748305 is divided by 9.
7
What is the remainder when 136118 is divided by 11337?
74
What is the remainder when 88652727 is divided by 213?
210
Calculate the remainder when 4533900 is divided by 4533854.
46
Calculate the remainder when 9272311 is divided by 28.
27
What is the remainder when 1390 is divided by 736?
654
Calculate the remainder when 323263 is divided by 115.
113
What is the remainder when 24781112 is divided by 38?
20
Calculate the remainder when 18077469 is divided by 96.
93
Calculate the remainder when 20266674 is divided by 115.
109
Calculate the remainder when 1212075 is divided by 202012.
3
What is the remainder when 85092872 is divided by 198?
194
Calculate the remainder when 174666 is divided by 5924.
2870
What is the remainder when 36333626 is divided by 1998?
1994
What is the remainder when 2960479 is divided by 493411?
13
What is the remainder when 82921530 is divided by 10365190?
10
Calculate the remainder when 414152 is divided by 679.
641
Calculate the remainder when 12506973 is divided by 1124.
225
What is the remainder when 29543 is divided by 3412?
2247
Calculate the remainder when 26327726 is divided by 55.
51
Calculate the remainder when 1312626 is divided by 385.
161
What is the remainder when 3612196 is divided by 720?
676
What is the remainder when 4084617 is divided by 170?
27
What is the remainder when 128333 is divided by 2230?
1223
What is the remainder when 1785625 is divided by 1785597?
28
What is the remainder when 36030446 is divided by 150?
146
Calculate the remainder when 18908147 is divided by 54.
47
Calculate the remainder when 50037021 is divided by 1239.
6
Calculate the remainder when 65821545 is divided by 57.
54
What is the remainder when 156138 is divided by 21882?
2964
What is the remainder when 7152308 is divided by 84?
44
What is the remainder when 140152 is divided by 32919?
8476
Calculate the remainder when 1255614717 is divided by 40.
37
Calculate the remainder when 16207455 is divided by 46.
45
What is the remainder when 23213914 is divided by 22?
20
Calculate the remainder when 13520 is divided by 177.
68
Calculate the remainder when 42487 is divided by 1822.
581
What is the remainder when 1535683 is divided by 28?
23
What is the remainder when 60056 is divided by 20015?
11
Calculate the remainder when 5972 is divided by 464.
404
Calculate the remainder when 2091493 is divided by 290.
13
Calculate the remainder when 2966681 is divided by 44271.
524
Calculate the remainder when 127199 is divided by 24.
23
Calculate the remainder when 35342 is divided by 3518.
162
What is the remainder when 180242 is divided by 180189?
53
Calculate the remainder when 327750 is divided by 17250.
0
Calculate the remainder when 1475628 is divided by 336.
252
Calculate the remainder when 167526 is divided by 83.
32
Calculate the remainder when 826243 is divided by 191.
168
Calculate the remainder when 102458 is divided by 34091.
185
Calculate the remainder when 986949 is divided by 903.
873
What is the remainder when 4629184 is divided by 21?
7
Calculate the remainder when 1030511 is divided by 52.
27
What is the remainder when 10381317 is divided by 329?
51
Calculate the remainder when 29928857 is divided by 1693.
3
What is the remainder when 61535 is divided by 281?
277
Calculate the remainder when 84218 is divided by 2221.
2041
Calculate the remainder when 6629064 is divided by 51.
33
What is the remainder when 70207 is divided by 16482?
4279
Calculate the remainder when 7668307 is divided by 378.
199
What is the remainder when 2651610 is divided by 90?
30
Calculate the remainder when 1047643 is divided by 3759.
2641
What is the remainder when 3410261 is divided by 1192?
1141
What is the remainder when 10439612 is divided by 10439609?
3
What is the remainder when 396258 is divided by 197494?
1270
Calculate the remainder when 281517 is divided by 1147.
502
Calculate the remainder when 112002 is divided by 4308.
4302
Calculate the remainder when 339575 is divided by 169206.
1163
Calculate the remainder when 7617109 is divided by 107.
100
Calculate the remainder when 1450391 is divided by 241730.
11
What is the remainder when 158539519 is divided by 407?
402
Calculate the remainder when 82198 is divided by 1826.
28
What is the remainder when 9885647 is divided by 6666?
6635
Calculate the remainder when 867261 is divided by 1980.
21
What is the remainder when 543052 is divided by 22605?
532
Calculate the remainder when 3606161 is divided by 121.
119
Calculate the remainder when 21724141 is divided by 245.
236
Calculate the remainder when 449518 is divided by 12142.
264
What is the remainder when 42092 is divided by 21046?
0
What is the remainder when 428929 is divided by 96?
1
Calculate the remainder when 12776423 is divided by 12776416.
7
What is the remainder when 709626 is divided by 6437?
1556
What is the remainder when 16281233 is divided by 4164?
4157
Calculate the remainder when 1016848 is divided by 26.
14
Calculate the remainder when 352933 is divided by 384.
37
Calculate the remainder when 9694197 is divided by 1812.
1809
Calculate the remainder when 6855985 is divided by 1230.
1195
What is the remainder when 560666 is divided by 13716?
12026
Calculate the remainder when 9953624 is divided by 497681.
4
What is the remainder when 440597335 is divided by 4380?
4375
What is the remainder when 1348384 is divided by 4649